p(x) = 6*x**2 + 44 - 26*x**3 - 43 - 8*x + 15*x**3 + 12*x**3. Calculate p(-7).
8
Let d(m) = -m**3 + 2*m**2 - 6*m + 2. Let x(u) = -u**3 + 2*u**2 - 5*u + 2. Let z(g) = -6*d(g) + 7*x(g). Let o(n) = -n**2 - 4*n. Let t be o(-3). Calculate z(t).
-4
Let l(h) = 0*h + 3*h - 5*h + 3*h. Calculate l(7).
7
Let h = 3 - 15. Let u be 2 - (-5)/((-20)/h). Let r(v) = 4*v - 8. Let n(w) = w - 1. Let z(a) = 3*n(a) - r(a). Calculate z(u).
0
Let t(u) = u**3 + 3*u**2 + 2*u + 4. Let s(x) = -x - 14. Let f be s(-16). Suppose -i - f = 1. Give t(i).
-2
Let t(w) be the first derivative of -w**5/20 + w**4/4 - w**3/2 + 3*w**2/2 - 8*w + 13. Let k(h) be the first derivative of t(h). What is k(2)?
1
Let o(z) = -8*z + 3. Suppose 2*y - 49*y = -47. Give o(y).
-5
Let s(k) = 3*k**3 - 2*k**2 - k + 2. Suppose -62 + 13 = 7*g. Let v = g - -9. Calculate s(v).
16
Let v(p) = -p**3 - 5*p**2 + p + 5. Suppose -2*g = -5*t + 28 - 54, -t + 5*g - 19 = 0. What is v(t)?
-15
Suppose 0 = -5*n + 3*w + 4, 0 = 3*w - 0*w - 6. Let v(l) = l - 1 - 2*l**3 + l**2 - 2*l**2 + 2*l**n. Suppose 3*k + 0 - 3 = 0. Give v(k).
-1
Let u = 3 - -3. Suppose 4*o + 77 = 3*d, -d - u = -0*d + 5*o. Suppose -d = 4*y + 5. Let n(b) = -b**2 - 5*b + 4. Calculate n(y).
-2
Suppose -8*w + 0 = -24. Let o(y) = -3 + y**3 + 509*y**2 - w - 503*y**2. Suppose d - 2*d + 4*m - 14 = 0, 0 = -5*d + 2*m - 34. What is o(d)?
-6
Suppose 5*x + 33 - 168 = 0. Let v(m) = 18 - 11*m**2 - x + 10. Calculate v(-1).
-10
Let f(b) = -7*b**3 - 9*b**2 + 9*b + 2. Let s(n) = 2*n**3 + n**2 - 2*n. Let g(i) = -f(i) - 4*s(i). Determine g(4).
10
Suppose 3*v + 2*o - 25 = 0, 0 = -3*v - 5*o - 0*o + 31. Let r(z) = -z**3 + 5*z**2 + 10*z - 5. Calculate r(v).
-33
Suppose -4*m = -v - 2*v - 6, -5*v - 10 = m. Suppose 4*x = 5*w - 21 - 2, m = 5*w - x - 17. Let h(r) = -5*r**2 + 5 + r**2 + r**w + 9*r**2. Calculate h(-5).
5
Let h(u) = u + 10. Let b(i) = -2*i**3 + 5*i**2 + 9. Suppose 66 = -3*a + 75. Let y be b(a). Calculate h(y).
10
Let a(t) = t**2 + 7*t + 9. Suppose -j - 4 + 9 = 0, 0 = 3*w - j + 17. Determine a(w).
-3
Let z(i) = -i**2 + i - 8. Let w(f) = -2*f - 2. Let o(y) = -4*w(y) + z(y). Calculate o(7).
14
Let p(z) = -25*z + 1 - 24*z + 5 - 29*z + 86*z. Give p(7).
62
Let c = 76 + -74. Let o(y) = -y**3 - 4*y**2 + 2. Let r be o(-4). Let d(w) = -3 - 4*w**2 - r*w + 5*w + w**2 + w**3. Determine d(c).
-1
Let a(c) = 5*c**3 - 21*c**2 - 10. Let p(z) = 12*z**3 - 44*z**2 - 21. Let w(u) = 7*a(u) - 3*p(u). Give w(-15).
-7
Let c(t) = -23 - 26 - 8 + 58 - t. What is c(3)?
-2
Let u be -5 + 8/6*21/(-14). Let d(f) = -f**2 + 0*f**2 - 8*f + 3*f**2 - 3*f**2 - 10. Calculate d(u).
-3
Let i(h) = -h**3 + 16*h**2 + 16*h + 18. Let z be i(17). Let k(q) = -q + 2*q - 3*q - z + 8*q**2. Determine k(-1).
9
Suppose -4*c = 4*y + 8, 2*c - 16 = -0*y + 2*y. Suppose -c*i + 18 = -i. Let z(v) = 8*v**2 - 5*v + 0 - 1 - i*v**2. Calculate z(-3).
5
Suppose x = -5*f - 1, 2*x - 5*f - 13 = -0*x. Let y be (-4)/(-6) + x/12. Let l(d) = 1 + 31*d - 73*d + 40*d. What is l(y)?
-1
Let h(y) = -y. Let g = -1 - -3. Let q(v) = -3 - v**2 + 8*v - g*v + 0*v. Let s be q(4). What is h(s)?
-5
Let d(a) = -9*a**2 - a + 4. Let c(h) = 13*h**2 + h - 3. Let z(n) = 2*c(n) + 3*d(n). What is z(0)?
6
Let a(c) = -4*c + 1. Let r(p) = p. Let v(t) = a(t) + 3*r(t). Let f be v(7). Let x(q) = 14*q - 16. Let j(z) = 9*z - 8. Let b(h) = -5*j(h) + 3*x(h). Give b(f).
10
Let f be 3 + 0 + -2 + -2. Suppose -4*r - u + 3621 = -232, 0 = 2*r + u - 1929. Let t(n) = -7*n**3 + r*n**2 + n**3 - 961*n**2. Determine t(f).
7
Let x(g) = 3*g**2 - 45*g + 11. Let h(p) = p**2 - 14*p + 4. Let r(b) = 7*h(b) - 2*x(b). Calculate r(8).
6
Let m(u) = 5*u**2 - 6*u + 2. Let n = -10 + 11. Let y(t) = t**2. Let z(r) = n*m(r) - 4*y(r). Determine z(5).
-3
Let y(b) = b - 1. Let l(n) = -6*n + 5. Let c(j) = -2*l(j) - 10*y(j). Give c(1).
2
Let z(d) = 13*d + 4. Let w = -271 + 274. Determine z(w).
43
Let g = 407 + -415. Let z(i) = 3*i + 14. Determine z(g).
-10
Let c(b) = b + 1. Let v(p) = -p - 10. Let a(g) = 5. Let f(s) = -5*a(s) - 3*v(s). Let y(o) = -2*c(o) + f(o). Give y(-11).
-8
Let x = 50 - 54. Let o(i) = -2*i - 1. Let q(j) = j. Let k(l) = o(l) + 3*q(l). Determine k(x).
-5
Let l(d) = d**2 - 5*d - 8. Suppose 8*c - 3*c - 25 = 0. Suppose -8 - 27 = -c*q. Determine l(q).
6
Suppose -33*w - 2 = -34*w. Let a(b) = -7*b + 2. Give a(w).
-12
Let g(p) = p**2 + 7*p + 8. Suppose -4*b = -3*d - 4, 0 = -4*d - 0*b - 5*b - 26. Give g(d).
-4
Suppose 0 = -20*z + 24*z + 20. Let d(p) = p**3 + 7*p**2 + p + 6. What is d(z)?
51
Suppose 4*q = v + 3, 10*q - 11*q = -3. Let z(l) = l**2 - 7*l - 11. Determine z(v).
7
Let t = 90 - 83. Let u(v) = 3*v - 15. What is u(t)?
6
Let o = -4 + 9. Suppose -o*h + 2*h = 3. Let k(c) = c**3 - c**2. Let g(z) = 3*z**3 - 6*z**2 + 3*z - 4. Let r(b) = h*g(b) + 4*k(b). Give r(-3).
4
Let c = -100 - -107. Let l(b) = 2*b**2 + 3 + 5 - 17*b - 4 + c*b. What is l(4)?
-4
Let g(f) = -f**3 - 4*f**2 + 2*f + 4. Suppose -5*c = -c - r - 11, -6 = 3*c + 4*r. Suppose -2 = c*h + 8. Give g(h).
19
Let m(l) = -l**3 + 6*l**2 + 6*l + 1. Let x be m(7). Let s(o) = -o - 4. Let b be s(x). Let g(h) = -h**3 + 2*h - b*h - h**2 - 1 + 4*h**2 + 3*h. What is g(4)?
-5
Let b(s) = s**3 - 11*s**2 + 6. Suppose 0 = u + 5*q - 11, -2*u - u - q = -33. Calculate b(u).
6
Let t(k) be the third derivative of k**4/24 + 5*k**3/6 + 4*k**2. Give t(7).
12
Let x be 3 - 4/1 - -3. Suppose 3 = 4*q - 5. Let b(l) = -l - 2*l**q + 5*l**x - 2*l**2 - l**3 + 3. What is b(0)?
3
Let h(a) be the first derivative of a**4/24 - 2*a**3/3 + 4*a**2 - 21. Let f(s) be the second derivative of h(s). Calculate f(0).
-4
Let d(j) = j - 1. Let r(h) = h**3 - 11*h**2 - h - 6. Let f be r(11). Let y = -13 - f. Let k = y + -1. Calculate d(k).
2
Let c(u) = -u + 3. Let g be (72/63)/((-4)/(-14)). Let q be ((-80)/24)/(g/(-6)). Let k be 0/(40/q + -4). What is c(k)?
3
Let d(f) be the second derivative of -f**3/3 - 3*f**2/2 + 4*f - 4. Suppose 5 = 2*p - 5. What is d(p)?
-13
Let m = 180 + -189. Let i(n) = 3*n. Calculate i(m).
-27
Let m(i) = i**2 + 10*i + 2. Suppose -8*j + 4*j - 40 = 0. Let f be m(j). Let c(h) = -h + 4*h**f + h**3 - 11*h**2 + 10*h**2 + 1. What is c(-3)?
4
Suppose -2*j - 2*n - 7 = -13, 0 = -3*j + 2*n + 9. Let v be 3/9 - 5/(-3). Let q(t) = 7 + j*t**2 - 4*t**v - 5*t - t**2 + 3*t**2. Determine q(5).
7
Let k(i) = -2*i + 8. Let o be k(0). Let j be o/6*-3 + 1. Let y(m) = m**3 + 6*m**2 + 3*m - 4. Calculate y(j).
14
Let b(j) be the third derivative of j**5/60 - j**4/6 + j**3/6 + 341*j**2. Give b(6).
13
Suppose o = -3*o - 4. Let x(a) = a + 3. Let t(w) = 1. Let s(v) = o*t(v) - x(v). Let u(d) = -3*d - 3. Let y be u(-2). What is s(y)?
-7
Let f(x) = 13 - 1 + x - 3. Let o(u) = 2*u - 19. Let d be o(6). Calculate f(d).
2
Suppose -i = 4*i + 2*d - 31, 2*i + 5*d - 25 = 0. Let u = 7 - i. Let k(h) be the first derivative of -h**2/2 - 27. What is k(u)?
-2
Let r(t) be the second derivative of t**3/3 - t**2/2 + 2*t + 23. Suppose 5*s + 1 = 6. What is r(s)?
1
Let o(u) be the third derivative of -u**5/60 - 13*u**3/6 + 4*u**2 - 4*u. Give o(0).
-13
Let c(w) be the third derivative of -w**7/1260 + w**6/240 + w**5/60 - 17*w**4/24 - 13*w**2. Let g(r) be the second derivative of c(r). Determine g(3).
-7
Let c(l) be the second derivative of l**6/360 + l**5/40 - 13*l**3/6 - l. Let s(g) be the second derivative of c(g). Determine s(-3).
0
Suppose -5*b - 2 = n - 11, -3*n - 6 = 4*b. Let j(a) = -22*a + 14. Let r(l) = 35*l - 23. Let g(f) = -8*j(f) - 5*r(f). What is g(n)?
-3
Let p(b) = b**2 - 265*b + 2 + 37 + 284*b. Calculate p(-16).
-9
Let m be (-3)/6*(-3 + -3). Let f(p) = p**2 - 3 - 3*p - p**m + 0*p + 2*p + 4*p. Let j be f(2). Let c(t) = t. Calculate c(j).
-1
Let r(w) = -2*w - 11. Let v(g) = g**3 + 10*g**2 + 7*g - 13. Let t be v(-9). Let l(s) = -2 - 3 + 6 + 0. Let o(f) = t*l(f) + r(f). What is o(-6)?
6
Let m(h) = -h**2 + 7*h + 1. Let k be m(7). Let b(o) = -2*o - k - 5*o + o. Suppose -15 = 5*v + g, -8*v + g - 5 = -3*v. Calculate b(v).
11
Suppose 5*p = 6 + 19. Let n(m) be the second derivative of -m**3/6 - 2*m**2 + 533*m. Calculate n(p).
-9
Let i(s) = -531*s - 3. Let r(z) = 89*z + 1. Let d(p) = -i(p) - 6*r(p). Let u be 2/(1 + (-3)/2). Give d(u).
9
Let t(d) = -13*d - 4 + 3 + 12*d. Suppose -4*o - 8 = -2*x, 2*x - x = -3*o - 16. Let y be (0/(-2))/o - -4. Calculate t(y).
-5
Suppose 3*b - 12 = 3*c, -5*b - 4 = 3*c - 8. Let z(k) = -5